3 a composite number?
False
Is 114557 composite?
True
Is 383803 composite?
True
Is 2053 a composite number?
False
Is 168599 a prime number?
True
Is 2321 prime?
False
Is 42989 composite?
False
Is 150217 a composite number?
False
Is 12839 composite?
True
Is 1213 a prime number?
True
Is 59497 prime?
True
Is 12097 composite?
False
Is 935899 a prime number?
True
Is 166213 a composite number?
True
Is 212569 a prime number?
False
Is 9599 a composite number?
True
Is 16301 a prime number?
True
Is 10289 composite?
False
Is 304597 prime?
True
Is 214237 prime?
True
Is 598607 a prime number?
False
Is 818707 a composite number?
False
Is 191897 a composite number?
True
Is 2999 prime?
True
Is 12913 prime?
False
Is 569659 composite?
False
Is 17807 a prime number?
True
Is 75289 prime?
True
Is 367529 a prime number?
False
Is 101417 prime?
False
Is 259023 composite?
True
Is 41771 a composite number?
False
Is 978607 composite?
True
Is 438869 a composite number?
False
Is 1936943 composite?
False
Is 228829 prime?
True
Is 31859 a composite number?
False
Is 1969733 a composite number?
True
Is 7069 a composite number?
False
Is 310771 prime?
True
Is 62351 a prime number?
True
Is 653 prime?
True
Is 229883 a composite number?
True
Is 14243 prime?
True
Is 31547 a composite number?
False
Is 7559 prime?
True
Is 88897 a composite number?
False
Is 4163 prime?
False
Is 419621 a prime number?
False
Is 260267 a composite number?
True
Is 19661 a composite number?
False
Is 221101 composite?
False
Is 810971 a composite number?
True
Is 123787 a composite number?
False
Is 11002 a composite number?
True
Is 205039 prime?
False
Is 127807 a prime number?
True
Is 115547 a prime number?
True
Is 12097 a composite number?
False
Is 63901 a composite number?
False
Is 57621 a prime number?
False
Is 110681 a composite number?
False
Is 75703 prime?
True
Is 12233 prime?
False
Is 476987 a composite number?
True
Is 53683 composite?
True
Is 131407 prime?
False
Is 889223 a prime number?
False
Is 2722 prime?
False
Is 6609 composite?
True
Is 614 prime?
False
Is 4189 a prime number?
False
Is 369031 composite?
True
Is 326549 a prime number?
True
Is 9101 prime?
False
Is 494587 composite?
False
Is 11593 a prime number?
True
Is 10481 a prime number?
False
Is 109001 composite?
False
Is 8033 prime?
False
Is 448453 composite?
True
Is 892973 a prime number?
True
Is 62741 a composite number?
True
Is 266453 a prime number?
False
Is 257981 composite?
False
Is 8434 a prime number?
False
Is 5671 prime?
False
Is 1072405 a prime number?
False
Is 23311 prime?
True
Is 1655 prime?
False
Is 189811 a composite number?
True
Is 65153 prime?
False
Is 533543 prime?
True
Is 697747 composite?
True
Is 205339 prime?
True
Is 378353 prime?
True
Is 6389 prime?
True
Is 16078 a composite number?
True
Is 1626011 a composite number?
True
Is 26591 composite?
False
Is 133963 a composite number?
False
Is 250157 a composite number?
True
Is 1991 a prime number?
False
Is 3079 prime?
True
Is 41273 prime?
False
Is 29101 composite?
False
Is 141 composite?
True
Is 58511 a composite number?
False
Is 285067 a prime number?
False
Is 13781 a composite number?
False
Is 113999 a prime number?
False
Is 20977 a composite number?
True
Is 40099 composite?
False
Is 11541 composite?
True
Is 2939 a prime number?
True
Is 6353 prime?
True
Is 5655523 prime?
True
Is 25219 composite?
False
Is 1913 a composite number?
False
Is 658655 composite?
True
Is 37079 a composite number?
True
Is 7985 a composite number?
True
Is 268291 composite?
False
Is 163855 composite?
True
Is 676589 a composite number?
False
Is 3277 prime?
False
Is 1194157 a prime number?
True
Is 277247 a composite number?
False
Is 1991443 composite?
False
Is 94 composite?
True
Is 10473 a composite number?
True
Is 42421 a prime number?
False
Is 67679 composite?
False
Is 58537 a prime number?
True
Is 35681 a prime number?
False
Is 349237 a composite number?
True
Is 239819 a prime number?
False
Is 104147 composite?
False
Is 23369 prime?
True
Is 1199885 a prime number?
False
Is 270013 a composite number?
True
Is 234277 a prime number?
False
Is 3637 a prime number?
True
Is 301558 prime?
False
Is 20153 a prime number?
False
Is 37291 a prime number?
False
Is 23261 prime?
False
Is 6127 a composite number?
True
Is 7817 a prime number?
True
Is 212969 a prime number?
True
Is 35393 a prime number?
True
Is 20593 composite?
False
Is 462041 a composite number?
False
Is 1188917 prime?
True
Is 6341 a composite number?
True
Is 5147 prime?
True
Is 1655 a composite number?
True
Is 1529 a composite number?
True
Is 57619 prime?
False
Is 9173 composite?
False
Is 5919 a composite number?
True
Is 8509 prime?
False
Is 80633 a composite number?
True
Is 185477 composite?
False
Is 6905 a prime number?
False
Is 3340747 composite?
False
Is 1411603 a prime number?
True
Is 284393 a prime number?
False
Is 1141 a prime number?
False
Is 32681 composite?
True
Is 19289 a composite number?
False
Is 249463 a prime number?
True
Is 64871 a prime number?
True
Is 159013 composite?
False
Is 111653 composite?
False
Is 49483 prime?
False
Is 154219 a composite number?
True
Is 13781 prime?
True
Is 4538487 a composite number?
True
Is 991 prime?
True
Is 27847 a prime number?
True
Is 51955 composite?
True
Is 235633 a composite number?
True
Is 47113 a composite number?
True
Is 2987 a composite number?
True
Is 2203 prime?
True
Is 242027 composite?
True
Is 2063 a composite number?
False
Is 211883 a composite number?
True
Is 1657 a composite number?
False
Is 1497 a prime number?
False
Is 1116523 a prime number?
True
Is 28533 prime?
False
Is 110719 a composite number?
True
Is 29459 prime?
False
Is 143197 prime?
True
Is 162005 prime?
False
Is 1243239 a prime number?
False
Is 719 a composite number?
False
Is 955 prime?
False
Is 670129 a composite number?
False
Is 6649 a prime number?
False
Is 1463923 a prime number?
False
Is 2591 a composite number?
False
Is 282781 prime?
False
Is 97943 prime?
True
Is 6731 a prime number?
False
Is 4271 a composite number?
False
Is 353671 a prime number?
False
Is 169553 composite?
False
Is 3039 a composite number?
True
Is 88415 prime?
False
Is 721481 prime?
True
Is 50171 a composite number?
True
Is 3365 composite?
True
Is 1409713 prime?
True
Is 167861 a prime number?
True
Is 18929 prime?
False
Is 178439 prime?
True
Is 363823 a composite number?
True
Is 1263241 prime?
False
Is 23977 a composite number?
False
Is 12587 prime?
False
Is 124721 a composite number?
False
Is 15419 a prime number?
False
Is 8317 composite?
False
Is 403799 composite?
True
Is 745527 composite?
True
Is 21467 prime?
True
Is 191773 a prime number?
True
Is 2939 a prime number?
True
Is 2515 a composite number?
True
Is 60859 a composite number?
False
Is 485381 composite?
True
Is 929941 a prime number?
True
Is 951 prime?
False
Is 146407 a composite number?
False
Is 8263 prime?
True
Is 904651 a prime number?
False
Is 212087 a composite number?
True
Is 10037 a composite number?
False
Is 21763 a composite number?
True
Is 47737 composite?
False
Is 26186 prime?
False
Is 108587 a prime number?
True
Is 18101 composite?
True
Is 10221 composite?
True
Is 13517 prime?
False
Is 140326 a composite number?
True
Is 247613 prime?
True
Is 1381 a composite number?
False
Is 1587935 a composite number?
True
Is 636479 composite?
True
Is 93371 a prime number?
True
Is 21709 a prime number?
False
Is 151927 composite?
True
Is 250993 prime?
True
Is 69457 composite?
False
Is 19417 prime?
True
Is 5261 composite?
False
Is 736511 composite?
False
Is 34147 a prime number?
True
Is 115939 a prime number?
False
Is 1067 prime?
False
Is 75479 composite?
False
Is 115459 prime?
True
Is 346639 composite?
False
Is 135367 a prime number?
True
Is 1081767 a prime number?
False
Is 9263 a composite number?
True
Is 142063 composite?
True
Is 112543 a composite number?
False
Is 477571 a composite number?
False
Is 979 a composite number?
True
Is 5017 prime?
False
Is 10079 a composite number?
False
Is 437543 a composite number?
False
Is 92813 a prime number?
False
Is 557 composite?
False
Is 1226 composite?
True
Is 24457 a composite number?
True
Is 546047 a prime number?
True
Is 1138957 a prime number?
True
Is 7249 a prime number?
False
Is 137251 prime?
True
Is 113063 a prime number?
True
Is 105373 composite?
Fa